
{"id":4083,"date":"2017-09-26T12:29:17","date_gmt":"2017-09-26T10:29:17","guid":{"rendered":"http:\/\/hurtownia.komandor.slask.pl\/?page_id=4083"},"modified":"2021-04-08T22:56:08","modified_gmt":"2021-04-08T20:56:08","slug":"uslugi-cnc","status":"publish","type":"page","link":"https:\/\/hurtownia.komandor.pl\/kalisz\/uslugi-cnc\/","title":{"rendered":"Us\u0142ugi CNC"},"content":{"rendered":"<p>Frezowanie, najcz\u0119\u015bciej wykorzystywane jest w zaawansowanej obr\u00f3bce p\u0142yty laminowanej, aby w niej umie\u015bci\u0107 r\u00f3\u017cnego rodzaju uchwyty, zawiasy lub te\u017c inne elementy mebla z p\u0142yty jak r\u00f3wnie\u017c zlecenia o kszta\u0142tach krzywoliniowych.<\/p>\n","protected":false},"excerpt":{"rendered":"<p>Frezowanie, najcz\u0119\u015bciej wykorzystywane jest w zaawansowanej obr\u00f3bce p\u0142yty laminowanej, aby w niej umie\u015bci\u0107 r\u00f3\u017cnego rodzaju uchwyty, zawiasy lub te\u017c inne elementy mebla z p\u0142yty jak r\u00f3wnie\u017c zlecenia o kszta\u0142tach krzywoliniowych.<\/p>\n","protected":false},"author":1,"featured_media":0,"parent":0,"menu_order":0,"comment_status":"closed","ping_status":"closed","template":"","meta":[],"_links":{"self":[{"href":"https:\/\/hurtownia.komandor.pl\/kalisz\/wp-json\/wp\/v2\/pages\/4083"}],"collection":[{"href":"https:\/\/hurtownia.komandor.pl\/kalisz\/wp-json\/wp\/v2\/pages"}],"about":[{"href":"https:\/\/hurtownia.komandor.pl\/kalisz\/wp-json\/wp\/v2\/types\/page"}],"author":[{"embeddable":true,"href":"https:\/\/hurtownia.komandor.pl\/kalisz\/wp-json\/wp\/v2\/users\/1"}],"replies":[{"embeddable":true,"href":"https:\/\/hurtownia.komandor.pl\/kalisz\/wp-json\/wp\/v2\/comments?post=4083"}],"version-history":[{"count":4,"href":"https:\/\/hurtownia.komandor.pl\/kalisz\/wp-json\/wp\/v2\/pages\/4083\/revisions"}],"predecessor-version":[{"id":11087,"href":"https:\/\/hurtownia.komandor.pl\/kalisz\/wp-json\/wp\/v2\/pages\/4083\/revisions\/11087"}],"wp:attachment":[{"href":"https:\/\/hurtownia.komandor.pl\/kalisz\/wp-json\/wp\/v2\/media?parent=4083"}],"curies":[{"name":"wp","href":"https:\/\/api.w.org\/{rel}","templated":true}]}}