
{"id":6713,"date":"2018-04-03T13:17:05","date_gmt":"2018-04-03T11:17:05","guid":{"rendered":"http:\/\/hurtownia.komandor.slask.pl\/?page_id=6713"},"modified":"2018-11-29T13:47:55","modified_gmt":"2018-11-29T12:47:55","slug":"gotowe-drzwi-przesuwne-do-samodzielnego-montazu","status":"publish","type":"page","link":"https:\/\/hurtownia.komandor.pl\/kalisz\/gotowe-drzwi-przesuwne-do-samodzielnego-montazu\/","title":{"rendered":"Gotowe drzwi przesuwne do samodzielnego monta\u017cu"},"content":{"rendered":"<p><img loading=\"lazy\" class=\"alignnone wp-image-7145\" src=\"https:\/\/hurtownia.komandor.pl\/kalisz\/wp-content\/uploads\/2018\/08\/Gotowe-drzwi-do-samodzielnego-monta\u017cu.jpg\" alt=\"Drzwi przesuwne do samodzielnego monta\u017cu\" width=\"601\" height=\"542\" \/><\/p>\n<p>&nbsp;<\/p>\n<p>Gotowe drzwi przesuwne do samodzielnego monta\u017cu to rozwi\u0105zanie, kt\u00f3re daje wiele mo\u017cliwo\u015bci aran\u017cacyjnych. Masz mo\u017cliwo\u015b\u0107 stworzenia szafy innej, ni\u017c te dost\u0119pne po\u015br\u00f3d gotowych rozwi\u0105za\u0144. Gwarantujemy wysok\u0105 jako\u015b\u0107 dostarczanych produkt\u00f3w, dzi\u0119ki czemu Twoja szafa b\u0119dzie nie tylko funkcjonalna, ale tak\u017ce wytrzyma\u0142a.<\/p>\n<h2>Zalety gotowych drzwi przesuwnych<\/h2>\n<p>&nbsp;<\/p>\n<ul>\n<li>\u0142atwy monta\u017c,<\/li>\n<li>wysoka funkcjonalno\u015b\u0107,<\/li>\n<li>du\u017ce mo\u017cliwo\u015bci aran\u017cacyjne.<\/li>\n<\/ul>\n<p>&nbsp;<\/p>\n<p>Je\u015bli jeste\u015bcie Pa\u0144stwo zainteresowani zam\u00f3wieniem gotowych, okutych drzwi przesuwnych do samodzielnego monta\u017cu, to prosimy o kontakt z naszym dzia\u0142em handlowym \u2013 tel. 32 730 19 25, 32 730 19 33, mail: dzialhandlowy@komandor.pl<\/p>\n","protected":false},"excerpt":{"rendered":"<p><img loading=\"lazy\" class=\"alignnone wp-image-7145\" src=\"https:\/\/hurtownia.komandor.pl\/kalisz\/wp-content\/uploads\/2018\/08\/Gotowe-drzwi-do-samodzielnego-monta\u017cu.jpg\" alt=\"Drzwi przesuwne do samodzielnego monta\u017cu\" width=\"601\" height=\"542\" \/><\/p>\n<p>&nbsp;<\/p>\n<p>Gotowe drzwi przesuwne do samodzielnego monta\u017cu to rozwi\u0105zanie, kt\u00f3re daje wiele mo\u017cliwo\u015bci aran\u017cacyjnych. Masz mo\u017cliwo\u015b\u0107 stworzenia szafy innej, ni\u017c te dost\u0119pne po\u015br\u00f3d gotowych rozwi\u0105za\u0144. Gwarantujemy wysok\u0105 jako\u015b\u0107 dostarczanych produkt\u00f3w, dzi\u0119ki czemu Twoja szafa b\u0119dzie nie tylko funkcjonalna, ale tak\u017ce wytrzyma\u0142a.<\/p>\n<h2>Zalety gotowych drzwi przesuwnych<\/h2>\n<p>&nbsp;<\/p>\n<ul>\n<li>\u0142atwy monta\u017c,<\/li>\n<li>wysoka funkcjonalno\u015b\u0107,<\/li>\n<li>du\u017ce mo\u017cliwo\u015bci aran\u017cacyjne.<\/li>\n<\/ul>\n<p>&nbsp;<\/p>\n<p>Je\u015bli jeste\u015bcie Pa\u0144stwo zainteresowani zam\u00f3wieniem gotowych,<\/p>\n","protected":false},"author":3,"featured_media":0,"parent":0,"menu_order":0,"comment_status":"closed","ping_status":"closed","template":"","meta":[],"_links":{"self":[{"href":"https:\/\/hurtownia.komandor.pl\/kalisz\/wp-json\/wp\/v2\/pages\/6713"}],"collection":[{"href":"https:\/\/hurtownia.komandor.pl\/kalisz\/wp-json\/wp\/v2\/pages"}],"about":[{"href":"https:\/\/hurtownia.komandor.pl\/kalisz\/wp-json\/wp\/v2\/types\/page"}],"author":[{"embeddable":true,"href":"https:\/\/hurtownia.komandor.pl\/kalisz\/wp-json\/wp\/v2\/users\/3"}],"replies":[{"embeddable":true,"href":"https:\/\/hurtownia.komandor.pl\/kalisz\/wp-json\/wp\/v2\/comments?post=6713"}],"version-history":[{"count":10,"href":"https:\/\/hurtownia.komandor.pl\/kalisz\/wp-json\/wp\/v2\/pages\/6713\/revisions"}],"predecessor-version":[{"id":7336,"href":"https:\/\/hurtownia.komandor.pl\/kalisz\/wp-json\/wp\/v2\/pages\/6713\/revisions\/7336"}],"wp:attachment":[{"href":"https:\/\/hurtownia.komandor.pl\/kalisz\/wp-json\/wp\/v2\/media?parent=6713"}],"curies":[{"name":"wp","href":"https:\/\/api.w.org\/{rel}","templated":true}]}}