
{"id":11458,"date":"2021-02-04T11:08:29","date_gmt":"2021-02-04T10:08:29","guid":{"rendered":"https:\/\/hurtownia.komandor.pl\/kalisz\/produkt\/yoho-wozek-dolny\/"},"modified":"2021-05-18T16:09:45","modified_gmt":"2021-05-18T14:09:45","slug":"yoho-wozek-dolny","status":"publish","type":"product","link":"https:\/\/hurtownia.komandor.pl\/kalisz\/produkt\/yoho-wozek-dolny\/","title":{"rendered":"Yoho &#8211; W\u00f3zek dolny"},"content":{"rendered":"<ul>\n<li>W\u00f3zek dolny do systemu Yoho<\/li>\n<li>Na jedno skrzyd\u0142o drzwi potrzebne s\u0105 dwa w\u00f3zki dolne<\/li>\n<li>Pozosta\u0142e elementy niezb\u0119dne do okucia drzwi sprzedawane s\u0105 osobno<\/li>\n<li>Instrukcje monta\u017cu drzwi w systemie Yoho dost\u0119pne tutaj: <a href=\"http:\/\/hurtownia.komandor.slask.pl\/wp-content\/uploads\/2018\/03\/Yoho-1-instrukcja.pdf\">Yoho 1<\/a>, <a href=\"http:\/\/hurtownia.komandor.slask.pl\/wp-content\/uploads\/2018\/03\/Yoho-2-instrukcja.pdf\">Yoho 2<\/a>, <a href=\"http:\/\/hurtownia.komandor.slask.pl\/wp-content\/uploads\/2018\/03\/Yoho-3-instrukcja.pdf\">Yoho 3<\/a>, <a href=\"http:\/\/hurtownia.komandor.slask.pl\/wp-content\/uploads\/2018\/03\/Yoho-4-instrukcja.pdf\">Yoho 4<\/a>, <a href=\"http:\/\/hurtownia.komandor.slask.pl\/wp-content\/uploads\/2018\/03\/Multiyoho-instrukcja.pdf\">MultiYoho<\/a><\/li>\n<\/ul>\n<p>&nbsp;<\/p>\n<p>Producent: Komandor<\/p>\n<hr \/>\n<p>Istnieje mo\u017cliwo\u015b\u0107 zam\u00f3wienia gotowych, okutych drzwi przesuwnych. W tym celu prosimy o kontakt z dzia\u0142em handlowym.<\/p>\n","protected":false},"featured_media":9962,"template":"","tags":[539,543],"product-category":[541,542],"_links":{"self":[{"href":"https:\/\/hurtownia.komandor.pl\/kalisz\/wp-json\/wp\/v2\/product\/11458"}],"collection":[{"href":"https:\/\/hurtownia.komandor.pl\/kalisz\/wp-json\/wp\/v2\/product"}],"about":[{"href":"https:\/\/hurtownia.komandor.pl\/kalisz\/wp-json\/wp\/v2\/types\/product"}],"wp:featuredmedia":[{"embeddable":true,"href":"https:\/\/hurtownia.komandor.pl\/kalisz\/wp-json\/wp\/v2\/media\/9962"}],"wp:attachment":[{"href":"https:\/\/hurtownia.komandor.pl\/kalisz\/wp-json\/wp\/v2\/media?parent=11458"}],"wp:term":[{"taxonomy":"post_tag","embeddable":true,"href":"https:\/\/hurtownia.komandor.pl\/kalisz\/wp-json\/wp\/v2\/tags?post=11458"},{"taxonomy":"product-category","embeddable":true,"href":"https:\/\/hurtownia.komandor.pl\/kalisz\/wp-json\/wp\/v2\/product-category?post=11458"}],"curies":[{"name":"wp","href":"https:\/\/api.w.org\/{rel}","templated":true}]}}