
{"id":11482,"date":"2021-05-20T12:12:23","date_gmt":"2021-05-20T10:12:23","guid":{"rendered":"https:\/\/hurtownia.komandor.pl\/kalisz\/?post_type=product&#038;p=11482"},"modified":"2021-05-20T12:12:23","modified_gmt":"2021-05-20T10:12:23","slug":"colorimo-6603-mat","status":"publish","type":"product","link":"https:\/\/hurtownia.komandor.pl\/kalisz\/produkt\/colorimo-6603-mat\/","title":{"rendered":"Colorimo 6603 Mat"},"content":{"rendered":"<p>Colorimo to szk\u0142o lakierowane farbami ekologicznymi o wymiarach: 2550x1605mm.<\/p>\n<p>Istnieje mo\u017cliwo\u015b\u0107 podklejenia szk\u0142a foli\u0105 bezpieczn\u0105 przezroczyst\u0105 lub bia\u0142\u0105.<\/p>\n<p><strong>Grubo\u015b\u0107:<\/strong>\u00a04mm<\/p>\n<p><strong>Producent:<\/strong>\u00a0Mochnik<\/p>\n","protected":false},"featured_media":11483,"template":"","tags":[624,500,501,625],"product-category":[492,493],"_links":{"self":[{"href":"https:\/\/hurtownia.komandor.pl\/kalisz\/wp-json\/wp\/v2\/product\/11482"}],"collection":[{"href":"https:\/\/hurtownia.komandor.pl\/kalisz\/wp-json\/wp\/v2\/product"}],"about":[{"href":"https:\/\/hurtownia.komandor.pl\/kalisz\/wp-json\/wp\/v2\/types\/product"}],"wp:featuredmedia":[{"embeddable":true,"href":"https:\/\/hurtownia.komandor.pl\/kalisz\/wp-json\/wp\/v2\/media\/11483"}],"wp:attachment":[{"href":"https:\/\/hurtownia.komandor.pl\/kalisz\/wp-json\/wp\/v2\/media?parent=11482"}],"wp:term":[{"taxonomy":"post_tag","embeddable":true,"href":"https:\/\/hurtownia.komandor.pl\/kalisz\/wp-json\/wp\/v2\/tags?post=11482"},{"taxonomy":"product-category","embeddable":true,"href":"https:\/\/hurtownia.komandor.pl\/kalisz\/wp-json\/wp\/v2\/product-category?post=11482"}],"curies":[{"name":"wp","href":"https:\/\/api.w.org\/{rel}","templated":true}]}}