
{"id":11485,"date":"2021-05-20T12:21:39","date_gmt":"2021-05-20T10:21:39","guid":{"rendered":"https:\/\/hurtownia.komandor.pl\/kalisz\/?post_type=product&#038;p=11485"},"modified":"2021-05-20T12:21:39","modified_gmt":"2021-05-20T10:21:39","slug":"colorimo-9m06-srebrzysty","status":"publish","type":"product","link":"https:\/\/hurtownia.komandor.pl\/kalisz\/produkt\/colorimo-9m06-srebrzysty\/","title":{"rendered":"Colorimo 9M06 Srebrzysty"},"content":{"rendered":"<p>Colorimo to szk\u0142o lakierowane farbami ekologicznymi o wymiarach: 2550x1605mm.<\/p>\n<p>Istnieje mo\u017cliwo\u015b\u0107 podklejenia szk\u0142a foli\u0105 bezpieczn\u0105 przezroczyst\u0105 lub bia\u0142\u0105.<\/p>\n<p><strong>Grubo\u015b\u0107:<\/strong>\u00a04mm<\/p>\n<p><strong>Producent:<\/strong>\u00a0Mochnik<\/p>\n","protected":false},"featured_media":11486,"template":"","tags":[624,500,501,625],"product-category":[492,493],"_links":{"self":[{"href":"https:\/\/hurtownia.komandor.pl\/kalisz\/wp-json\/wp\/v2\/product\/11485"}],"collection":[{"href":"https:\/\/hurtownia.komandor.pl\/kalisz\/wp-json\/wp\/v2\/product"}],"about":[{"href":"https:\/\/hurtownia.komandor.pl\/kalisz\/wp-json\/wp\/v2\/types\/product"}],"wp:featuredmedia":[{"embeddable":true,"href":"https:\/\/hurtownia.komandor.pl\/kalisz\/wp-json\/wp\/v2\/media\/11486"}],"wp:attachment":[{"href":"https:\/\/hurtownia.komandor.pl\/kalisz\/wp-json\/wp\/v2\/media?parent=11485"}],"wp:term":[{"taxonomy":"post_tag","embeddable":true,"href":"https:\/\/hurtownia.komandor.pl\/kalisz\/wp-json\/wp\/v2\/tags?post=11485"},{"taxonomy":"product-category","embeddable":true,"href":"https:\/\/hurtownia.komandor.pl\/kalisz\/wp-json\/wp\/v2\/product-category?post=11485"}],"curies":[{"name":"wp","href":"https:\/\/api.w.org\/{rel}","templated":true}]}}