
{"id":11688,"date":"2021-05-05T10:18:56","date_gmt":"2021-05-05T08:18:56","guid":{"rendered":"https:\/\/hurtownia.komandor.pl\/lodzkie\/?page_id=11688"},"modified":"2021-05-05T11:57:27","modified_gmt":"2021-05-05T09:57:27","slug":"lux-2","status":"publish","type":"page","link":"https:\/\/hurtownia.komandor.pl\/lodzkie\/lux-2\/","title":{"rendered":"LUX"},"content":{"rendered":"<p><img loading=\"lazy\" class=\"size-full wp-image-11689 alignleft\" src=\"https:\/\/hurtownia.komandor.pl\/lodzkie\/wp-content\/uploads\/2021\/05\/LUX.jpg\" alt=\"\" width=\"277\" height=\"198\" \/><\/p>\n<p>Parametry:<\/p>\n<p>Max. Wysoko\u015b\u0107 drzwi: 2750mm<br \/>\nMax. Szeroko\u015b\u0107 drzwi: 1200mm<br \/>\nDostosowany do wype\u0142nie\u0144: 4mm, 10mm<\/p>\n<p>W\u0142a\u015bciwo\u015bci:<\/p>\n<p>Drzwi z wype\u0142nieniem jednolitym, \u0142\u0105czone z r\u00f3\u017cnych materia\u0142\u00f3w lub z imitacj\u0105 podzia\u0142\u00f3w za pomoc\u0105 listwy ozdobnej w 13 kolorach do wyboru.<br \/>\nMo\u017cliwe wype\u0142nienia (nie sprzedajemy wype\u0142nie\u0144, wi\u0119c nie mo\u017cemy m\u00f3wi\u0107 \u017ce s\u0105 do wyboru, nasi klienci sami kupuj\u0105 wype\u0142nienia): p\u0142yta laminowana, szyba lub lustro etc.<br \/>\nDomykacze pneumatyczne w torze g\u00f3rnym \u0142agodnie domykaj\u0105 drzwi.<br \/>\nPaski buforowe z kr\u00f3tkim i d\u0142ugim w\u0142osem, t\u0142umi\u0105 drgania przy zamykaniu drzwi i chroni\u0105 przed kurzem.<br \/>\nFunkcja anti-jumping zabezpiecza przed wypadni\u0119ciem drzwi z toru dolnego.<br \/>\nP\u0142ynna, najwi\u0119ksza spo\u015br\u00f3d wszystkich system\u00f3w z regulacja wysoko\u015bci drzwi.<\/p>\n","protected":false},"excerpt":{"rendered":"<p><img loading=\"lazy\" class=\"size-full wp-image-11689 alignleft\" src=\"https:\/\/hurtownia.komandor.pl\/lodzkie\/wp-content\/uploads\/2021\/05\/LUX.jpg\" alt=\"\" width=\"277\" height=\"198\" \/><\/p>\n<p>Parametry:<\/p>\n<p>Max. Wysoko\u015b\u0107 drzwi: 2750mm<br \/>\nMax. Szeroko\u015b\u0107 drzwi: 1200mm<br \/>\nDostosowany do wype\u0142nie\u0144: 4mm, 10mm<\/p>\n<p>W\u0142a\u015bciwo\u015bci:<\/p>\n<p>Drzwi z wype\u0142nieniem jednolitym, \u0142\u0105czone z r\u00f3\u017cnych materia\u0142\u00f3w lub z imitacj\u0105 podzia\u0142\u00f3w za pomoc\u0105 listwy ozdobnej w 13 kolorach do wyboru.<br \/>\nMo\u017cliwe wype\u0142nienia (nie sprzedajemy wype\u0142nie\u0144, wi\u0119c nie mo\u017cemy m\u00f3wi\u0107 \u017ce s\u0105 do wyboru, nasi klienci sami kupuj\u0105 wype\u0142nienia): p\u0142yta laminowana, szyba lub lustro etc.<br \/>\nDomykacze pneumatyczne w torze g\u00f3rnym \u0142agodnie domykaj\u0105 drzwi.<\/p>\n","protected":false},"author":3,"featured_media":11689,"parent":0,"menu_order":0,"comment_status":"closed","ping_status":"closed","template":"","meta":[],"_links":{"self":[{"href":"https:\/\/hurtownia.komandor.pl\/lodzkie\/wp-json\/wp\/v2\/pages\/11688"}],"collection":[{"href":"https:\/\/hurtownia.komandor.pl\/lodzkie\/wp-json\/wp\/v2\/pages"}],"about":[{"href":"https:\/\/hurtownia.komandor.pl\/lodzkie\/wp-json\/wp\/v2\/types\/page"}],"author":[{"embeddable":true,"href":"https:\/\/hurtownia.komandor.pl\/lodzkie\/wp-json\/wp\/v2\/users\/3"}],"replies":[{"embeddable":true,"href":"https:\/\/hurtownia.komandor.pl\/lodzkie\/wp-json\/wp\/v2\/comments?post=11688"}],"version-history":[{"count":2,"href":"https:\/\/hurtownia.komandor.pl\/lodzkie\/wp-json\/wp\/v2\/pages\/11688\/revisions"}],"predecessor-version":[{"id":11739,"href":"https:\/\/hurtownia.komandor.pl\/lodzkie\/wp-json\/wp\/v2\/pages\/11688\/revisions\/11739"}],"wp:featuredmedia":[{"embeddable":true,"href":"https:\/\/hurtownia.komandor.pl\/lodzkie\/wp-json\/wp\/v2\/media\/11689"}],"wp:attachment":[{"href":"https:\/\/hurtownia.komandor.pl\/lodzkie\/wp-json\/wp\/v2\/media?parent=11688"}],"curies":[{"name":"wp","href":"https:\/\/api.w.org\/{rel}","templated":true}]}}