
{"id":11451,"date":"2021-02-04T11:08:40","date_gmt":"2021-02-04T10:08:40","guid":{"rendered":"https:\/\/hurtownia.komandor.pl\/lodzkie\/produkt\/blat-egger-h3176-st37-dab-halifax-cynowany\/"},"modified":"2021-04-30T10:32:40","modified_gmt":"2021-04-30T08:32:40","slug":"blat-egger-h3176-st37-dab-halifax-cynowany","status":"publish","type":"product","link":"https:\/\/hurtownia.komandor.pl\/lodzkie\/produkt\/blat-egger-h3176-st37-dab-halifax-cynowany\/","title":{"rendered":"Blat Egger H3176 ST37 D\u0105b Halifax cynowany"},"content":{"rendered":"<p><strong>Model: <\/strong>100\/1,5; gr. 38mm<\/p>\n<p><strong>Dost\u0119pne wymiary:<\/strong><\/p>\n<p>4100x600x38mm &#8211; wyko\u0144czenie prostokraw\u0119dziowe jednostronne &#8211; 100\/1,5<\/p>\n<p>4100x920x38mm &#8211; wyko\u0144czenie prostokraw\u0119dziowe dwustronne &#8211; 100\/1,5<\/p>\n<p>4100x1200x38mm &#8211; wyko\u0144czenie prostokraw\u0119dziowe jednostronne &#8211; 100\/1,5<\/p>\n<p><strong>Struktura:<\/strong> Feelwood Rift ST37 &#8211; Struktura ta posiada autentyczne wyko\u0144czenie przypominaj\u0105ce lite drewno, podkre\u015blone przez jej synchroniczn\u0105 powierzchni\u0119 na dekorze z serii D\u0105b Halifax, uwydatniaj\u0105ca wszelkie p\u0119kni\u0119cia i s\u0119ki.<\/p>\n<p><strong>Opakowanie: <\/strong>pojedynczo foliowane z paskiem laminatu o d\u0142ugo\u015bci 2700mm bez kleju<\/p>\n<p><strong>Producent: <\/strong>Egger<\/p>\n<hr \/>\n<p>Istnieje mo\u017cliwo\u015b\u0107 zam\u00f3wienia blatu doci\u0119tego na wymiar oraz z wyci\u0119tymi otworami pod p\u0142yt\u0119 grzewcz\u0105 i zlewozmywak. W tym celu prosimy o kontakt z dzia\u0142em handlowym.<\/p>\n","protected":false},"featured_media":9163,"template":"","tags":[498,499],"product-category":[670,676,677,678],"_links":{"self":[{"href":"https:\/\/hurtownia.komandor.pl\/lodzkie\/wp-json\/wp\/v2\/product\/11451"}],"collection":[{"href":"https:\/\/hurtownia.komandor.pl\/lodzkie\/wp-json\/wp\/v2\/product"}],"about":[{"href":"https:\/\/hurtownia.komandor.pl\/lodzkie\/wp-json\/wp\/v2\/types\/product"}],"wp:featuredmedia":[{"embeddable":true,"href":"https:\/\/hurtownia.komandor.pl\/lodzkie\/wp-json\/wp\/v2\/media\/9163"}],"wp:attachment":[{"href":"https:\/\/hurtownia.komandor.pl\/lodzkie\/wp-json\/wp\/v2\/media?parent=11451"}],"wp:term":[{"taxonomy":"post_tag","embeddable":true,"href":"https:\/\/hurtownia.komandor.pl\/lodzkie\/wp-json\/wp\/v2\/tags?post=11451"},{"taxonomy":"product-category","embeddable":true,"href":"https:\/\/hurtownia.komandor.pl\/lodzkie\/wp-json\/wp\/v2\/product-category?post=11451"}],"curies":[{"name":"wp","href":"https:\/\/api.w.org\/{rel}","templated":true}]}}