
{"id":11881,"date":"2021-05-07T12:34:12","date_gmt":"2021-05-07T10:34:12","guid":{"rendered":"https:\/\/hurtownia.komandor.pl\/lodzkie\/?post_type=product&#038;p=11881"},"modified":"2021-05-07T12:36:39","modified_gmt":"2021-05-07T10:36:39","slug":"wieszak-na-spodnie-600x500x100mm-chromowany","status":"publish","type":"product","link":"https:\/\/hurtownia.komandor.pl\/lodzkie\/produkt\/wieszak-na-spodnie-600x500x100mm-chromowany\/","title":{"rendered":"Wieszak na spodnie 600x500x100mm, Chromowany"},"content":{"rendered":"<p>Indeks: 53-42651CR<\/p>\n<p>Wymiar: 600x500x100mm<\/p>\n<p>Produkt przewidziany na 8 par spodni. Ze wzgl\u0119du na mo\u017cliwo\u015b\u0107 wysuwania wieszaka &#8211; dost\u0119p do ka\u017cdej pary jest bardzo wygodny. Dr\u0105\u017cki zosta\u0142y wyposa\u017cone w antypo\u015blizgowe gumki &#8211; dzi\u0119ki czemu odzie\u017c nie zsuwa si\u0119. Zastosowanie prowadnicy kulkowej z pe\u0142nym wysuwem i systemem soft closing wyr\u00f3\u017cnia ten produkt spo\u015br\u00f3d podobnych rozwi\u0105za\u0144, istniej\u0105cych na rynku.<\/p>\n","protected":false},"featured_media":11882,"template":"","tags":[],"product-category":[686,691],"_links":{"self":[{"href":"https:\/\/hurtownia.komandor.pl\/lodzkie\/wp-json\/wp\/v2\/product\/11881"}],"collection":[{"href":"https:\/\/hurtownia.komandor.pl\/lodzkie\/wp-json\/wp\/v2\/product"}],"about":[{"href":"https:\/\/hurtownia.komandor.pl\/lodzkie\/wp-json\/wp\/v2\/types\/product"}],"wp:featuredmedia":[{"embeddable":true,"href":"https:\/\/hurtownia.komandor.pl\/lodzkie\/wp-json\/wp\/v2\/media\/11882"}],"wp:attachment":[{"href":"https:\/\/hurtownia.komandor.pl\/lodzkie\/wp-json\/wp\/v2\/media?parent=11881"}],"wp:term":[{"taxonomy":"post_tag","embeddable":true,"href":"https:\/\/hurtownia.komandor.pl\/lodzkie\/wp-json\/wp\/v2\/tags?post=11881"},{"taxonomy":"product-category","embeddable":true,"href":"https:\/\/hurtownia.komandor.pl\/lodzkie\/wp-json\/wp\/v2\/product-category?post=11881"}],"curies":[{"name":"wp","href":"https:\/\/api.w.org\/{rel}","templated":true}]}}