
{"id":3950,"date":"2017-09-04T09:05:42","date_gmt":"2017-09-04T07:05:42","guid":{"rendered":"http:\/\/hurtownia.komandor.slask.pl\/?page_id=3950"},"modified":"2021-03-19T11:43:50","modified_gmt":"2021-03-19T10:43:50","slug":"polityka-prywatnosci","status":"publish","type":"page","link":"https:\/\/hurtownia.komandor.pl\/mazowieckie\/polityka-prywatnosci\/","title":{"rendered":"Polityka prywatno\u015bci"},"content":{"rendered":"<div class=\"full__width--column arrow__reference--link section__content section__content--margin functional\">\n<div class=\"col-xl-12\">\n<p><strong>\u00a7 1 Postanowienia og\u00f3lne<\/strong><\/p>\n<p>1. Niniejsza Polityka Prywatno\u015bci okre\u015bla zasady przetwarzania i ochrony danych osobowych przekazanych przez Klient\u00f3w w zwi\u0105zku z korzystaniem przez nich z witryny internetowej www.komandor.pl\/mazowieckie<\/p>\n<p>2. Komandor Warszawa S.A. dok\u0142ada wszelkich stara\u0144 celem zapewnienia poszanowania prywatno\u015bci i ochrony informacji osobowych udzielonych przez Klient\u00f3w podczas korzystania ze strony internetowej oraz w tym celu podejmuje wszelkie niezb\u0119dne dzia\u0142ania.<\/p>\n<p><strong>\u00a7 2 Administrator danych osobowych<\/strong><\/p>\n<p>Administratorem Pani\/Pana danych osobowych b\u0119dzie Komandor Warszawa S.A. z siedzib\u0105 w Markach ( 05-270) ul. J. Pi\u0142sudskiego 121 C, NIP 5221019839<\/p>\n<p>Mo\u017cna si\u0119 z nami skontaktowa\u0107 w nast\u0119puj\u0105cy spos\u00f3b:<br \/>\n&#8211; listownie na adres: ul. J. Pi\u0142sudskiego 121 C, 05-270 Marki<br \/>\n&#8211; przez e-mail: dealer@komandor.pl<\/p>\n<p><strong>\u00a7 3 Cele przetwarzania oraz podstawa prawna przetwarzania<\/strong><\/p>\n<table>\n<tbody>\n<tr>\n<td>Cele przetwarzanie danych:<\/td>\n<td>Podstawy prawne:<\/td>\n<td>Okres przetwarzania:<\/td>\n<\/tr>\n<tr>\n<td>podj\u0119cia dzia\u0142ania w zakresie odpowiedzi na zapytanie, przygotowania wyceny oraz realizacji zlecenia<\/td>\n<td>art. 6 ust. 1 lit b) RODO &#8211; niezb\u0119dno\u015b\u0107 do wykonania umowy, kt\u00f3rej stron\u0105 jest U\u017cytkownik<\/td>\n<td>do czasu wycofania zgody<\/td>\n<\/tr>\n<tr>\n<td rowspan=\"1\">pomiary<br \/>\nstatystyczne, marketing (w tym analizowanie i profilowanie danych w<br \/>\ncelach marketingowych) produkt\u00f3w i us\u0142ug Administratora<\/td>\n<td rowspan=\"1\">art. 6 ust. 1 lit. f) RODO &#8211; uzasadniony interes administratora<\/td>\n<td rowspan=\"1\">do czasu zg\u0142oszenia skutecznego sprzeciwu<\/td>\n<\/tr>\n<tr>\n<td>marketing oraz przesy\u0142ania ofert handlowych Zak\u0142ad\u00f3w Kompletacji oraz Autoryzowanych Dealer\u00f3w<\/td>\n<td>Art. 6 ust. 1 lit. a) \u2013 dobrowolna zgoda<\/td>\n<td>do czasu wycofania zgody<\/td>\n<\/tr>\n<\/tbody>\n<\/table>\n<p><strong>\u00a7 4 Odbiorcy danych<\/strong><\/p>\n<p>Pani\/Pana dane osobowe mog\u0105 by\u0107 ujawniane podmiotom wsp\u00f3\u0142pracuj\u0105cym z Administratorami, na podstawie zawartych um\u00f3w, w szczeg\u00f3lno\u015bci podmiotom \u015bwiadcz\u0105cym us\u0142ugi: projektowe, pomiarowe, monterskie, wsparcia dla system\u00f3w informatycznych s\u0142u\u017c\u0105cych do obs\u0142ugi klient\u00f3w, marketingowe itp. Takie podmioty przetwarzaj\u0105 dane na podstawie zawartych um\u00f3w, zgodnie z obowi\u0105zuj\u0105cymi przepisami prawa w zakresie ochrony danych osobowych.<\/p>\n<p><strong>\u00a7 5 Pani\/Pana prawa zwi\u0105zane z przetwarzaniem danych osobowych<\/strong><\/p>\n<p>Przys\u0142uguj\u0105 Pani\/Panu nast\u0119puj\u0105ce prawa zwi\u0105zane z przetwarzaniem danych osobowych:<\/p>\n<p>1. prawo wycofania zgody na przetwarzanie danych,<\/p>\n<p>2. prawo dost\u0119pu do Pani\/Pana danych osobowych,<\/p>\n<p>3. prawo \u017c\u0105dania sprostowania Pani\/Pana danych osobowych,<\/p>\n<p>4. prawo \u017c\u0105dania usuni\u0119cia Pani\/Pana danych osobowych,<\/p>\n<p>5. prawo \u017c\u0105dania ograniczenia przetwarzania Pani\/Pana danych osobowych,<\/p>\n<p>6. prawo wyra\u017cenia sprzeciwu wobec przetwarzania Pani\/Pana danych ze wzgl\u0119du na Pani\/Pana szczeg\u00f3ln\u0105 sytuacj\u0119 \u2013 w przypadkach, kiedy przetwarzamy Pani\/Pana dane na podstawie naszego prawnie uzasadnionego interesu,<\/p>\n<p>7. prawo do przenoszenia Pani\/Pana danych osobowych, tj. prawo otrzymania od Administratora Pani\/Pana danych osobowych, w ustrukturyzowanym, powszechnie u\u017cywanym formacie informatycznym nadaj\u0105cym si\u0119 do odczytu maszynowego. Prawo do przenoszenia danych osobowych przys\u0142uguje Pani\/Panu tylko co do tych danych, kt\u00f3re przetwarzamy na podstawie umowy z Pani\/Pana lub na podstawie Pani\/Pana zgody,<\/p>\n<p>Aby skorzysta\u0107 z powy\u017cszych praw, prosz\u0119 skontaktowa\u0107 si\u0119 z Administratorem (dane kontaktowe powy\u017cej).<\/p>\n<p>Przys\u0142uguje Pani\/Panu tak\u017ce prawo wniesienia skargi do organu nadzorczego zajmuj\u0105cego si\u0119 ochron\u0105 danych osobowych, tj. Prezesa Urz\u0119du Ochrony Danych Osobowych.<\/p>\n<p><strong>\u00a7 6\u00a0<\/strong><strong>Przekazywanie danych poza Europejski Obszar Gospodarczy (EOG)<\/strong><\/p>\n<p>Pani\/Pana dane osobowe mog\u0105 by\u0107 przekazywane poza Europejski Obszar Gospodarczy jedynie do Google w przypadku wyra\u017cenia zgody na korzystanie z plik\u00f3w Cookies. Google jest odbiorc\u0105 certyfikowanym w ramach Tarczy Prywatno\u015bci Stan\u00f3w Zjednoczonych (Privacy Shield) co jest r\u00f3wnoznaczne z zapewnieniem odpowiednich zabezpiecze\u0144 w celu ochrony danych zgodnie z art. 46 ust. 2 RODO.<\/p>\n<p><strong>\u00a7 7 Pliki Cookies<\/strong><\/p>\n<p>1. Witryna\u00a0<a href=\"https:\/\/www.komandor.pl\/\">www.komandor.pl<\/a>\u00a0u\u017cywa cookies. S\u0105 to niewielkie pliki tekstowe wysy\u0142ane przez serwer www i przechowywane przez oprogramowanie komputera przegl\u0105darki. Kiedy przegl\u0105darka ponownie po\u0142\u0105czy si\u0119 ze stron\u0105, witryna rozpoznaje rodzaj urz\u0105dzenia, z kt\u00f3rego \u0142\u0105czy si\u0119 u\u017cytkownik. Parametry pozwalaj\u0105 na odczytanie informacji w nich zawartych jedynie serwerowi, kt\u00f3ry je utworzy\u0142. Cookies u\u0142atwiaj\u0105 wi\u0119c korzystanie z wcze\u015bniej odwiedzonych witryn.<\/p>\n<p>2. Gromadzone informacje dotycz\u0105 adresu IP, typu wykorzystywanej przegl\u0105darki, j\u0119zyka, rodzaju systemu operacyjnego, dostawcy us\u0142ug internetowych, informacji o czasie i dacie, lokalizacji oraz informacji przesy\u0142anych do witryny za po\u015brednictwem formularza kontaktowego.<\/p>\n<p>3. Zebrane dane s\u0142u\u017c\u0105 do monitorowania i sprawdzenia, w jaki spos\u00f3b u\u017cytkownicy korzystaj\u0105 z naszych witryn, aby usprawnia\u0107 funkcjonowanie serwisu zapewniaj\u0105c bardziej efektywn\u0105 i bezproblemow\u0105 nawigacj\u0119. Monitorowania informacji o u\u017cytkownikach dokonujemy korzystaj\u0105c z narz\u0119dzia Google Analitics, kt\u00f3re rejestruje zachowanie u\u017cytkownika na stronie.<\/p>\n<p>4. Cookies identyfikuje u\u017cytkownika, co pozwala na dopasowanie tre\u015bci witryny, z kt\u00f3rej korzysta, do jego potrzeb. Zapami\u0119tuj\u0105c jego preferencje, umo\u017cliwia odpowiednie dopasowanie skierowanych do niego reklam. Stosujemy pliki cookies, aby zagwarantowa\u0107 najwy\u017cszy standard wygody naszego serwisu, a zebrane dane s\u0105 wykorzystywane jedynie wewn\u0105trz firmy Komandor Warszawa S.A. w celu optymalizacji dzia\u0142a\u0144.<\/p>\n<p>5. Na naszej witrynie wykorzystujemy nast\u0119puj\u0105ce pliki cookies:<\/p>\n<table>\n<tbody>\n<tr>\n<td>NAZWA CIASTECZKA<\/td>\n<td>TERMIN WYGA\u015aNI\u0118CIA PLIKU CIASTECZKA<\/td>\n<td>OPIS I ZASTOSOWANIE PLIKU CIASTECZKA<\/td>\n<\/tr>\n<tr>\n<td>__unam<\/td>\n<td>6 miesi\u0119cy<\/td>\n<td>Ten<br \/>\nplik cookie utworzony przez Google Analytics jest u\u017cywany do okre\u015blania<br \/>\nnowych sesji \/ odwiedzin, generuje statystyki dotycz\u0105ce ruchu w<br \/>\nwitrynie.<\/td>\n<\/tr>\n<tr>\n<td>__utma<\/td>\n<td>2 lata<\/td>\n<td>Ten<br \/>\nzewn\u0119trzny plik ciasteczko utworzony przez Google Analytics s\u0142u\u017cy do<br \/>\nrozr\u00f3\u017cniania u\u017cytkownik\u00f3w i sesji oraz generowania danych statystycznych<br \/>\ndotycz\u0105cych ruchu w witrynie.<\/td>\n<\/tr>\n<tr>\n<td>__utmz<\/td>\n<td>6 miesi\u0119cy<\/td>\n<td>Ten<br \/>\nw\u0142asny plik ciasteczko utworzony przez Google Analytics s\u0142u\u017cy do<br \/>\nidentyfikowania \u017ar\u00f3d\u0142a ruchu na stronie lub kampanii, w celu uzyskania<br \/>\ninformacji o tym, w jaki spos\u00f3b u\u017cytkownik trafi\u0142 na stron\u0119.<\/td>\n<\/tr>\n<tr>\n<td>_ga<\/td>\n<td>2 lata<\/td>\n<td>Ten<br \/>\nzewn\u0119trzny plik ciasteczko Google Analytics s\u0142u\u017cy do rozr\u00f3\u017cniania<br \/>\nu\u017cytkownik\u00f3w na potrzeby gromadzenia informacji na temat odwiedzin na<br \/>\nstronie. Ten plik ciasteczko pomaga nam identyfikowa\u0107 obszary witryny,<br \/>\nkt\u00f3re wymagaj\u0105 udoskonalenia. Plik ciasteczko _ga nie pozwala na<br \/>\nidentyfikacj\u0119 osobow\u0105 u\u017cytkownika, poniewa\u017c nie s\u0105 \u015bledzone \u017cadne<br \/>\ninformacje ani dane osobowe.<\/td>\n<\/tr>\n<tr>\n<td>_gid<\/td>\n<td>24 godziny<\/td>\n<td>Ten<br \/>\nplik ciasteczko Google Analytics s\u0142u\u017cy do rozr\u00f3\u017cniania u\u017cytkownik\u00f3w na<br \/>\npotrzeby gromadzenia informacji na temat odwiedzin na stronie.<\/td>\n<\/tr>\n<tr>\n<td>fe_typo_user<\/td>\n<td>sesja<\/td>\n<td>Cookie<br \/>\ngenerowane przez System Zarz\u0105dzania Tre\u015bci\u0105 witryny: TYPO3. To Cookie<br \/>\npozwala na identyfikacj\u0119 u\u017cytkownika i zapami\u0119tanie jego preferencji<br \/>\n(np. wyb\u00f3r wersji j\u0119zykowej strony) oraz akcji wykonanych na naszej<br \/>\nstronie (np. wyszukiwane s\u0142owa). Cookie jest tworzone w momencie<br \/>\notworzenia naszej strony i znika w momencie zamkni\u0119cia przegl\u0105darki.<\/td>\n<\/tr>\n<\/tbody>\n<\/table>\n<p>6. U\u017cytkownik w ka\u017cdej chwili ma mo\u017cliwo\u015b\u0107 wy\u0142\u0105czenia lub przywr\u00f3cenia opcji gromadzenia cookies poprzez zmian\u0119 ustawie\u0144 w przegl\u0105darce internetowej. Jak zmienia si\u0119 ustawienia w najbardziej popularnych wyszukiwarkach:<\/p>\n<p>\u2022 Google Chrome<\/p>\n<p>Nale\u017cy klikn\u0105\u0107 na menu (w prawym g\u00f3rnym rogu), zak\u0142adka Ustawienia &gt; Poka\u017c ustawienia zaawansowane. W sekcji \u201ePrywatno\u015b\u0107\u201d trzeba klikn\u0105\u0107 przycisk Ustawienia tre\u015bci. W sekcji \u201ePliki cookie\u201d mo\u017cna zmieni\u0107 nast\u0119puj\u0105ce ustawienia plik\u00f3w Cookie:<\/p>\n<p>o Usuwanie plik\u00f3w Cookies,<\/p>\n<p>o Domy\u015blne blokowanie plik\u00f3w Cookies,<\/p>\n<p>o Domy\u015blne zezwalanie na pliki Cookies,<\/p>\n<p>o Domy\u015blne zachowywanie plik\u00f3w Cookies i danych stron do zamkni\u0119cia przegl\u0105darki<\/p>\n<p>o Okre\u015blanie wyj\u0105tk\u00f3w dla plik\u00f3w Cookies z konkretnych witryn lub domen<\/p>\n<p>\u2022 Internet Explorer<\/p>\n<p>Z menu przegl\u0105darki (prawy g\u00f3rny r\u00f3g): Narz\u0119dzia &gt; Opcje Internetowe &gt; Prywatno\u015b\u0107, przycisk Witryny. Suwakiem ustawiamy poziom, zmian\u0119 zatwierdzamy przyciskiem OK.<\/p>\n<p>\u2022 Mozilla Firefox<\/p>\n<p>Z menu przegl\u0105darki: Narz\u0119dzia &gt; Opcje &gt; Prywatno\u015b\u0107. Uaktywni\u0107 pole Program Firefox: \u201eb\u0119dzie u\u017cywa\u0142 ustawie\u0144 u\u017cytkownika\u201d. O ciasteczkach (cookies) decyduje zaznaczenie \u2013 b\u0105d\u017a nie \u2013 pozycji Akceptuj ciasteczka.<\/p>\n<p>\u2022 Opera<\/p>\n<p>Z menu przegl\u0105darki: Narz\u0119dzie &gt; Preferencje &gt; Zaawansowane. O ciasteczkach decyduje zaznaczenie \u2013 b\u0105d\u017a nie \u2013 pozycji Ciasteczka.<\/p>\n<p>\u2022 Safari<\/p>\n<p>W menu rozwijanym Safari trzeba wybra\u0107 Preferencje i klikn\u0105\u0107 ikon\u0119 Bezpiecze\u0144stwo.<\/p>\n<p>W tym miejscu wybiera si\u0119 poziom bezpiecze\u0144stwa w obszarze ,,Akceptuj pliki cookie\u201d.<\/p>\n<p>Dodatkowe dane osobowe, jak adres e-mail, imi\u0119 nazwisko, adres, telefon zbierane s\u0105 jedynie w miejscach, w kt\u00f3rych u\u017cytkownik wype\u0142niaj\u0105c formularz wyra\u017anie wyrazi\u0142 na to zgod\u0119.<\/p>\n<p><strong>\u00a7 8\u00a0<\/strong><strong>Logi systemowe<\/strong>.<\/p>\n<p>Logi system\u00f3w, czyli rejestr zdarze\u0144 &#8211; utworzony w chronologicznej kolejno\u015bci zapis informacji o zdarzeniach i dzia\u0142aniach dotycz\u0105cych strony WWW. Zawieraj\u0105 one takie dane jak adres IP, z kt\u00f3rego nast\u0105pi\u0142o wej\u015bcie na dan\u0105 podstron\u0119, adres tej strony oraz czas po\u0142\u0105czenia. Logi system\u00f3w wykorzystywane s\u0105 przez Nas w szczeg\u00f3lno\u015bci w celach statystycznych. Analiza log\u00f3w system\u00f3w pozwala tak\u017ce na zidentyfikowanie zagro\u017ce\u0144 zwi\u0105zanych z bezpiecze\u0144stwem<\/p>\n<p><strong>\u00a7 9\u00a0<\/strong><strong>Profilowanie i zautomatyzowane podejmowanie decyzji<\/strong><\/p>\n<p>Pa\u0144stwa dane b\u0119d\u0105 przetwarzane przez Administratora w spos\u00f3b zautomatyzowany, jednak\u017ce nie b\u0119dzie to wywo\u0142ywa\u0107 wobec Pa\u0144stwa \u017cadnych skutk\u00f3w prawnych lub w podobny spos\u00f3b istotnie wp\u0142ywa\u0107 na Pa\u0144stwa sytuacj\u0119.<\/p>\n<p>Profilowanie danych osobowych przez Administratora polega na przetwarzaniu Pa\u0144stwa danych (r\u00f3wnie\u017c w spos\u00f3b zautomatyzowany), poprzez wykorzystywanie ich do oceny niekt\u00f3rych informacji w celach statystycznych, monitorowania ruchu na Stronie Internetowej oraz analiz marketingowych.<\/p>\n<p><strong>\u00a7 10\u00a0<\/strong><strong>U<\/strong><strong>aktualnienia Polityki Prywatno\u015bci<\/strong><\/p>\n<p>Strona Internetowa zastrzega sobie prawo zmiany polityki prywatno\u015bci, o ile b\u0119dzie wymaga\u0107 tego obowi\u0105zuj\u0105ce prawo, ulegn\u0105 zmianie warunki technologiczne funkcjonowania Strony Internetowej lub zmiana b\u0119dzie wprowadza\u0107 standard wy\u017cszy od minimum wymaganego prawem.<\/p>\n<\/div>\n<\/div>\n<div class=\"full__width--column arrow__reference--link section__content section__content--margin functional\">\n<div class=\"col-xl-12\">\n<h2>Polityka RODO<\/h2>\n<p><strong>KLAUZULA INFORMACYJNA<\/strong><\/p>\n<ol>\n<li><strong>Administrator danych osobowych\n<p><\/strong>Administratorem Pani\/Pana danych osobowych b\u0119dzie Komandor Warszawa S.A. z siedzib\u0105 w Markach ( 05-270) ul. J. Pi\u0142sudskiego 121 C, NIP 5221019839<\/p>\n<p>Mo\u017cna si\u0119 z nami skontaktowa\u0107 w nast\u0119puj\u0105cy spos\u00f3b:<br \/>\n&#8211; listownie na adres: ul. J. Pi\u0142sudskiego 121 C, 05-270 Marki<br \/>\n&#8211; przez e-mail: dealer@komandor.pl<\/li>\n<li><strong>Cele przetwarzania oraz podstawa prawna przetwarzania<br \/>\n<\/strong><br \/>\na) podj\u0119cie dzia\u0142ania na Pani\/Pana \u017c\u0105danie tj. odpowiedzi na zapytanie, przygotowanie wyceny zabudowy Komandor (art. 6 ust. 1 lit. b) RODO),<br \/>\nb) udzielenia odpowiedzi na wszelkie skierowane zapytania i kontaktu w tym zakresie ( art. 6 ust. 1 lit. a) RODO)<br \/>\nc) prawnie uzasadniony interes Administratora w postaci marketingu produkt\u00f3w i us\u0142ug Administratora lub strony trzeciej, kontaktu, w tym prowadzenia korespondencji oraz obrony przed potencjalnymi roszczeniami. ( art. 6 ust. 1 lit. f) RODO).<\/p>\n<p>Informuje si\u0119, \u017ce podanie danych jest dobrowolnie, jednak niezb\u0119dne do um\u00f3wienia i realizacji pomiaru lub wyceny.<\/li>\n<li><strong>Okres przechowywania danych osobowych<br \/>\n<\/strong><br \/>\nAdministrator mo\u017ce przechowywa\u0107 Pani\/Pana dane osobowe nie d\u0142u\u017cej ni\u017c 1 rok od zg\u0142oszenia do systemu, chyba, \u017ce realizacja celu b\u0119dzie wymaga\u0142a d\u0142u\u017cszego przechowywania.<\/li>\n<li><strong>Odbiorcy danych<br \/>\n<\/strong><br \/>\nPodane przez Pani\u0105\/Pana dane osobowe, mog\u0105 by\u0107 udost\u0119pnione w\u0142a\u015bciwemu ze wzgl\u0119du na ewentualne miejsce realizacji Autoryzowanemu Dealerowi Komandor w celu przygotowania wyceny i kontaktu z Pa\u0144stwem.\u00a0<a href=\"https:\/\/www.komandor.pl\/images\/pages\/mazowieckie-lista-ad.pdf\">Pobierz list\u0119 dealer\u00f3w<\/a>. Dodatkowo mog\u0105 by\u0107 ujawnione podmiotom wsp\u00f3\u0142pracuj\u0105cym z Administratorem, na podstawie zawartych um\u00f3w, w szczeg\u00f3lno\u015bci podmiotom \u015bwiadcz\u0105cym us\u0142ugi: projektowe, pomiarowe, monterskie, wsparcia dla system\u00f3w informatycznych s\u0142u\u017c\u0105cych do obs\u0142ugi klient\u00f3w, marketingowe itp. Takie podmioty przetwarzaj\u0105 dane na podstawie zawartych um\u00f3w, zgodnie z obowi\u0105zuj\u0105cymi przepisami prawa w zakresie ochrony danych osobowych.<\/p>\n<p>Wskazujemy, \u017ce w przypadku gdy Autoryzowany Dealer Komandor lub inni odbiorcy b\u0119d\u0105 samodzielnie i w imieniu w\u0142asnym zbiera\u0107 dane osobowe od Pana\/Pani i np. oferowa\u0107 produkty i us\u0142ugi, s\u0105 w\u00f3wczas odr\u0119bnym Administratorem danych, i w tym zakresie ponosz\u0105 swoj\u0105 w\u0142asn\u0105 odpowiedzialno\u015b\u0107 za przetwarzania takich danych osobowych, nie podlegaj\u0105c warunkom naszej Polityki.<\/li>\n<li><strong>Prawa zwi\u0105zane z przetwarzaniem danych osobowych\n<p><\/strong>Przys\u0142uguj\u0105 Pani\/Panu nast\u0119puj\u0105ce prawa zwi\u0105zane z przetwarzaniem danych osobowych:<br \/>\na. prawo dost\u0119pu do Pani\/Pana danych osobowych,<br \/>\nb. prawo \u017c\u0105dania sprostowania Pani\/Pana danych osobowych,<br \/>\nc. prawo \u017c\u0105dania usuni\u0119cia Pani\/Pana danych osobowych,<br \/>\nd. prawo \u017c\u0105dania ograniczenia przetwarzania Pani\/Pana danych osobowych,<br \/>\ne. prawo wyra\u017cenia sprzeciwu wobec przetwarzania Pani\/Pana danych ze wzgl\u0119du na Pani\/Pana szczeg\u00f3ln\u0105 sytuacj\u0119 \u2013 w przypadkach, kiedy przetwarzamy Pani\/Pana dane na podstawie naszego prawnie uzasadnionego interesu,<br \/>\nf. prawo do przenoszenia Pani\/Pana danych osobowych, tj. prawo otrzymania Pani\/Pana danych osobowych, w ustrukturyzowanym, powszechnie u\u017cywanym formacie informatycznym nadaj\u0105cym si\u0119 do odczytu maszynowego. Prawo do przenoszenia danych osobowych przys\u0142uguje Pani\/Panu tylko co do tych danych, kt\u00f3re przetwarzamy na podstawie Pani\/Pana zgody,<br \/>\ng. prawo wycofania zgody na przetwarzanie danych.<\/p>\n<p>Powy\u017csze prawa mo\u017cna zrealizowa\u0107 poprzez kontakt z Administratorem. Informuje si\u0119, \u017ce cofni\u0119cie zgody pozostaje bez wp\u0142ywu na zgodno\u015b\u0107 z prawem przetwarzania Pani\/Pana danych, kt\u00f3rego dokonano na podstawie zgody przed jej cofni\u0119ciem.<\/li>\n<li>Przys\u0142uguje Pani\/Panu tak\u017ce prawo wniesienia skargi do organu nadzorczego zajmuj\u0105cego si\u0119 ochron\u0105 danych osobowych, tj. Prezesa Urz\u0119du Ochrony Danych Osobowych.<\/li>\n<li><strong>Polityka prywatno\u015bci:<\/strong>\n<p>Zapozna\u0142em si\u0119 z polityk\u0105 prywatno\u015bci. Poda\u0142am dane osobowe dobrowolnie.<\/li>\n<\/ol>\n<\/div>\n<\/div>\n","protected":false},"excerpt":{"rendered":"<p><strong>\u00a7 1 Postanowienia og\u00f3lne<\/strong><\/p>\n<p>1. Niniejsza Polityka Prywatno\u015bci okre\u015bla zasady przetwarzania i ochrony danych osobowych przekazanych przez Klient\u00f3w w zwi\u0105zku z korzystaniem przez nich z witryny internetowej www.komandor.pl\/mazowieckie<\/p>\n<p>2. Komandor Warszawa S.A. dok\u0142ada wszelkich stara\u0144 celem zapewnienia poszanowania prywatno\u015bci i ochrony informacji osobowych udzielonych przez Klient\u00f3w podczas korzystania ze strony internetowej oraz w tym celu podejmuje wszelkie niezb\u0119dne dzia\u0142ania.<\/p>\n<p><strong>\u00a7 2 Administrator danych osobowych<\/strong><\/p>\n<p>Administratorem Pani\/Pana danych osobowych b\u0119dzie Komandor Warszawa S.A.<\/p>\n","protected":false},"author":3,"featured_media":0,"parent":0,"menu_order":0,"comment_status":"closed","ping_status":"closed","template":"","meta":[],"_links":{"self":[{"href":"https:\/\/hurtownia.komandor.pl\/mazowieckie\/wp-json\/wp\/v2\/pages\/3950"}],"collection":[{"href":"https:\/\/hurtownia.komandor.pl\/mazowieckie\/wp-json\/wp\/v2\/pages"}],"about":[{"href":"https:\/\/hurtownia.komandor.pl\/mazowieckie\/wp-json\/wp\/v2\/types\/page"}],"author":[{"embeddable":true,"href":"https:\/\/hurtownia.komandor.pl\/mazowieckie\/wp-json\/wp\/v2\/users\/3"}],"replies":[{"embeddable":true,"href":"https:\/\/hurtownia.komandor.pl\/mazowieckie\/wp-json\/wp\/v2\/comments?post=3950"}],"version-history":[{"count":6,"href":"https:\/\/hurtownia.komandor.pl\/mazowieckie\/wp-json\/wp\/v2\/pages\/3950\/revisions"}],"predecessor-version":[{"id":11100,"href":"https:\/\/hurtownia.komandor.pl\/mazowieckie\/wp-json\/wp\/v2\/pages\/3950\/revisions\/11100"}],"wp:attachment":[{"href":"https:\/\/hurtownia.komandor.pl\/mazowieckie\/wp-json\/wp\/v2\/media?parent=3950"}],"curies":[{"name":"wp","href":"https:\/\/api.w.org\/{rel}","templated":true}]}}