
{"id":3957,"date":"2017-09-04T09:08:28","date_gmt":"2017-09-04T07:08:28","guid":{"rendered":"http:\/\/hurtownia.komandor.slask.pl\/?page_id=3957"},"modified":"2021-03-19T10:46:04","modified_gmt":"2021-03-19T09:46:04","slug":"transport","status":"publish","type":"page","link":"https:\/\/hurtownia.komandor.pl\/mazowieckie\/transport\/","title":{"rendered":"Transport"},"content":{"rendered":"<p>Korzystaj\u0105c z w\u0142asnych samochod\u00f3w oraz wykwalifikowanych kierowc\u00f3w \u015bwiadczymy kompleksowe us\u0142ugi transportowe na terenie Mazowsza. Preferujemy zamawianie transportu w dniu sk\u0142adania zam\u00f3wienia, pozwala to na lepsz\u0105 logistyk\u0119 dostaw. Dostarczamy zar\u00f3wno du\u017ce zam\u00f3wienia, jak i mniejsze za\u0142adunki. Koszt transportu jest ustalany w odniesieniu do warto\u015bci zam\u00f3wienia oraz odleg\u0142o\u015bci.<\/p>\n<p>&nbsp;<\/p>\n","protected":false},"excerpt":{"rendered":"<p>Korzystaj\u0105c z w\u0142asnych samochod\u00f3w oraz wykwalifikowanych kierowc\u00f3w \u015bwiadczymy kompleksowe us\u0142ugi transportowe na terenie Mazowsza. Preferujemy zamawianie transportu w dniu sk\u0142adania zam\u00f3wienia, pozwala to na lepsz\u0105 logistyk\u0119 dostaw. Dostarczamy zar\u00f3wno du\u017ce zam\u00f3wienia, jak i mniejsze za\u0142adunki. Koszt transportu jest ustalany w odniesieniu do warto\u015bci zam\u00f3wienia oraz odleg\u0142o\u015bci.<\/p>\n<p>&nbsp;<\/p>\n","protected":false},"author":3,"featured_media":0,"parent":0,"menu_order":0,"comment_status":"closed","ping_status":"closed","template":"","meta":[],"_links":{"self":[{"href":"https:\/\/hurtownia.komandor.pl\/mazowieckie\/wp-json\/wp\/v2\/pages\/3957"}],"collection":[{"href":"https:\/\/hurtownia.komandor.pl\/mazowieckie\/wp-json\/wp\/v2\/pages"}],"about":[{"href":"https:\/\/hurtownia.komandor.pl\/mazowieckie\/wp-json\/wp\/v2\/types\/page"}],"author":[{"embeddable":true,"href":"https:\/\/hurtownia.komandor.pl\/mazowieckie\/wp-json\/wp\/v2\/users\/3"}],"replies":[{"embeddable":true,"href":"https:\/\/hurtownia.komandor.pl\/mazowieckie\/wp-json\/wp\/v2\/comments?post=3957"}],"version-history":[{"count":6,"href":"https:\/\/hurtownia.komandor.pl\/mazowieckie\/wp-json\/wp\/v2\/pages\/3957\/revisions"}],"predecessor-version":[{"id":11077,"href":"https:\/\/hurtownia.komandor.pl\/mazowieckie\/wp-json\/wp\/v2\/pages\/3957\/revisions\/11077"}],"wp:attachment":[{"href":"https:\/\/hurtownia.komandor.pl\/mazowieckie\/wp-json\/wp\/v2\/media?parent=3957"}],"curies":[{"name":"wp","href":"https:\/\/api.w.org\/{rel}","templated":true}]}}