
{"id":11520,"date":"2021-02-04T11:08:34","date_gmt":"2021-02-04T10:08:34","guid":{"rendered":"https:\/\/hurtownia.komandor.pl\/mazowieckie\/produkt\/prowadnik-zawiasu-intermat-hettich\/"},"modified":"2021-04-16T14:52:10","modified_gmt":"2021-04-16T12:52:10","slug":"prowadnik-zawiasu-intermat-hettich","status":"publish","type":"product","link":"https:\/\/hurtownia.komandor.pl\/mazowieckie\/produkt\/prowadnik-zawiasu-intermat-hettich\/","title":{"rendered":"Prowadnik zawiasu Intermat Hettich"},"content":{"rendered":"<ul>\n<li>Spos\u00f3b mocowania: na wkr\u0119ty<\/li>\n<li>Prowadnik z dystansem 0mm dedykowany do zawias\u00f3w nak\u0142adanych 165 stopni<\/li>\n<li>Prowadnik z dystansem 1,5mm dedykowany do zwyk\u0142ych zawias\u00f3w nak\u0142adanych, bli\u017aniaczych i wpuszczanych<\/li>\n<li>Prowadnik z dystansem 3mm dedykowany do zawias\u00f3w r\u00f3wnoleg\u0142ych<\/li>\n<\/ul>\n<p>&nbsp;<\/p>\n<p>Producent: Hettich<\/p>\n","protected":false},"featured_media":10240,"template":"","tags":[],"product-category":[],"_links":{"self":[{"href":"https:\/\/hurtownia.komandor.pl\/mazowieckie\/wp-json\/wp\/v2\/product\/11520"}],"collection":[{"href":"https:\/\/hurtownia.komandor.pl\/mazowieckie\/wp-json\/wp\/v2\/product"}],"about":[{"href":"https:\/\/hurtownia.komandor.pl\/mazowieckie\/wp-json\/wp\/v2\/types\/product"}],"wp:featuredmedia":[{"embeddable":true,"href":"https:\/\/hurtownia.komandor.pl\/mazowieckie\/wp-json\/wp\/v2\/media\/10240"}],"wp:attachment":[{"href":"https:\/\/hurtownia.komandor.pl\/mazowieckie\/wp-json\/wp\/v2\/media?parent=11520"}],"wp:term":[{"taxonomy":"post_tag","embeddable":true,"href":"https:\/\/hurtownia.komandor.pl\/mazowieckie\/wp-json\/wp\/v2\/tags?post=11520"},{"taxonomy":"product-category","embeddable":true,"href":"https:\/\/hurtownia.komandor.pl\/mazowieckie\/wp-json\/wp\/v2\/product-category?post=11520"}],"curies":[{"name":"wp","href":"https:\/\/api.w.org\/{rel}","templated":true}]}}