
{"id":6695,"date":"2018-04-03T13:04:08","date_gmt":"2018-04-03T11:04:08","guid":{"rendered":"http:\/\/hurtownia.komandor.slask.pl\/?page_id=6695"},"modified":"2021-05-11T12:48:38","modified_gmt":"2021-05-11T10:48:38","slug":"fronty-akrylowe","status":"publish","type":"page","link":"https:\/\/hurtownia.komandor.pl\/podlaskie\/fronty-akrylowe\/","title":{"rendered":"Fronty akrylowe"},"content":{"rendered":"<p><img loading=\"lazy\" class=\"aligncenter wp-image-6788 size-large\" src=\"https:\/\/hurtownia.komandor.pl\/podlaskie\/wp-content\/uploads\/2018\/04\/Fronty-akrylowe-1024x683.jpg\" alt=\"Kuchnia z frontami akrylowymi\" width=\"800\" height=\"534\" \/><\/p>\n<p>W ofercie Podlaskiej<strong>\u00a0Hurtowni Komandor<\/strong> znajd\u0105 Pa\u0144stwo\u00a0 obustronne fronty akrylowe produkowane na bazie p\u0142yty MDF o grubo\u015bci 18 mm. Front pokryty jest akrylem wysokopo\u0142yskowym lub\u00a0 matowym w tym samym kolorze.\u00a0 Powierzchnia p\u0142yty zabezpieczona jest foli\u0105 ochronn\u0105 odporn\u0105 na dzia\u0142anie promieni UV.<\/p>\n<h3>Wykorzystywana technologia<\/h3>\n<p>Fronty akrylowe oklejane s\u0105 w technologii bezspoinowej z wykorzystaniem nowoczesnej <strong>technologii<\/strong>, kt\u00f3ra wraz z odpowiednio dobran\u0105 oklein\u0105 ABS pozwala osi\u0105gn\u0105\u0107 efekt jednolitej powierzchni por\u00f3wnywalnej z lakierem. Dzi\u0119ki tej technologii oklejony materia\u0142 zyskuje znacznie lepsze parametry u\u017cytkowe, na co wp\u0142yw ma m.in.:<\/p>\n<p>&#8211; <strong>niewidoczna spoina<\/strong> klejowa miedzy obrze\u017cem a powierzchni\u0105 oklejonego materia\u0142u;<\/p>\n<p>&#8211; <strong>wy\u017csza odporno\u015b\u0107<\/strong> na dzia\u0142anie wody, pary wodnej i temperatury;<\/p>\n<p>&#8211; <strong>wy\u017csza wytrzyma\u0142o\u015b\u0107<\/strong> okleiny na strz\u0119pienie i inne uszkodzenia.<\/p>\n<hr \/>\n<p>Powierzchnie akrylowe s\u0105 znane z unikalnego po\u0142ysku\/matu i g\u0142\u0119bi koloru. Pow\u0142oka akrylowa jest higroskopijna, oznacza to, \u017ce musi pozostawa\u0107 wystawiona na wilgo\u0107 zawart\u0105 w powietrzu, aby uzyska\u0107 wymagan\u0105 twardo\u015b\u0107. Czas utwardzania wynosi\u0107 mo\u017ce do tygodnia. Aby przyspieszy\u0107 proces zaleca si\u0119 przemywa\u0107 powierzchni\u0119 akrylow\u0105\u00a0 wod\u0105 za pomoc\u0105 mi\u0119kkiej \u015bciereczki z mikrofibry.<\/p>\n<p>W celu zwi\u0119kszenia odporno\u015bci powierzchni akrylowej\u00a0 na zadrapania i inne uszkodzenia polecamy mleczko Rauvisio Brilliant. Mo\u017ce ono dwukrotnie zwi\u0119kszy\u0107 odporno\u015b\u0107 frontu na zadrapania.<\/p>\n<p><strong>NIGDY NIE U\u017bYWA\u0106 DO CZYSZCZENIA FRONTU DETERGENT\u00d3W, WYBIELACZY ANI ALKOHOLI<\/strong><\/p>\n<hr \/>\n<h4>Wp\u0142yw na \u015brodowisko<\/h4>\n<ul>\n<li>Meblowe p\u0142yty pokryte powierzchni\u0105 akrylow\u0105 nie zawieraj\u0105 metali ci\u0119\u017ckich, stabilizator\u00f3w cynoorganicznych ani \u015brodk\u00f3w rakotw\u00f3rczych. Podlegaj\u0105 recyclingowi, nie stanowi\u0105 wi\u0119c zagro\u017cenia dla \u015brodowiska naturalnego.<\/li>\n<\/ul>\n<hr \/>\n<h4>Jak czy\u015bci\u0107 i piel\u0119gnowa\u0107 fronty akrylowe?<\/h4>\n<ul>\n<li>Z uwagi na zastosowanie akrylu i uzyskanie wysokiego po\u0142ysku wraz z efektem g\u0142\u0119bi koloru, fronty akrylowe nale\u017cy czy\u015bci\u0107 i piel\u0119gnowa\u0107 w szczeg\u00f3lny spos\u00f3b. Do czyszczenia powierzchni front\u00f3w stosujemy wy\u0142\u0105cznie mi\u0119kkie \u015bciereczki (np. bawe\u0142niane lub dost\u0119pne w sklepach \u015bciereczki z mikrofazy).<\/li>\n<\/ul>\n<hr \/>\n<h4>Instrukcja u\u017cytkowania<\/h4>\n<ul>\n<li>Fronty myjemy 1% roztworem wody z myd\u0142em. Unikamy mleczek do czyszczenia typu Cif\u00a0 poniewa\u017c mog\u0105 zarysowa\u0107 powierzchni\u0119.<\/li>\n<\/ul>\n<p>&nbsp;<\/p>\n<hr \/>\n<p>W celu zam\u00f3wienia front\u00f3w akrylowych prosimy o kontakt z naszym dzia\u0142em handlowym &#8211; tel: 85 66 28 312, 85 66 28 305 lub 85 66 28 315, mail: mlukjaniuk@komandor.bialystok.pl<\/p>\n<p>&nbsp;<\/p>\n<p>&nbsp;<\/p>\n","protected":false},"excerpt":{"rendered":"<p><img loading=\"lazy\" class=\"aligncenter wp-image-6788 size-large\" src=\"https:\/\/hurtownia.komandor.pl\/podlaskie\/wp-content\/uploads\/2018\/04\/Fronty-akrylowe-1024x683.jpg\" alt=\"Kuchnia z frontami akrylowymi\" width=\"800\" height=\"534\" \/><\/p>\n<p>W ofercie Podlaskiej<strong>\u00a0Hurtowni Komandor<\/strong> znajd\u0105 Pa\u0144stwo\u00a0 obustronne fronty akrylowe produkowane na bazie p\u0142yty MDF o grubo\u015bci 18 mm. Front pokryty jest akrylem wysokopo\u0142yskowym lub\u00a0 matowym w tym samym kolorze.\u00a0 Powierzchnia p\u0142yty zabezpieczona jest foli\u0105 ochronn\u0105 odporn\u0105 na dzia\u0142anie promieni UV.<\/p>\n<h3>Wykorzystywana technologia<\/h3>\n<p>Fronty akrylowe oklejane s\u0105 w technologii bezspoinowej z wykorzystaniem nowoczesnej <strong>technologii<\/strong>, kt\u00f3ra wraz z odpowiednio dobran\u0105 oklein\u0105 ABS pozwala osi\u0105gn\u0105\u0107 efekt jednolitej powierzchni por\u00f3wnywalnej z lakierem.<\/p>\n","protected":false},"author":3,"featured_media":0,"parent":0,"menu_order":0,"comment_status":"closed","ping_status":"closed","template":"","meta":[],"_links":{"self":[{"href":"https:\/\/hurtownia.komandor.pl\/podlaskie\/wp-json\/wp\/v2\/pages\/6695"}],"collection":[{"href":"https:\/\/hurtownia.komandor.pl\/podlaskie\/wp-json\/wp\/v2\/pages"}],"about":[{"href":"https:\/\/hurtownia.komandor.pl\/podlaskie\/wp-json\/wp\/v2\/types\/page"}],"author":[{"embeddable":true,"href":"https:\/\/hurtownia.komandor.pl\/podlaskie\/wp-json\/wp\/v2\/users\/3"}],"replies":[{"embeddable":true,"href":"https:\/\/hurtownia.komandor.pl\/podlaskie\/wp-json\/wp\/v2\/comments?post=6695"}],"version-history":[{"count":17,"href":"https:\/\/hurtownia.komandor.pl\/podlaskie\/wp-json\/wp\/v2\/pages\/6695\/revisions"}],"predecessor-version":[{"id":11531,"href":"https:\/\/hurtownia.komandor.pl\/podlaskie\/wp-json\/wp\/v2\/pages\/6695\/revisions\/11531"}],"wp:attachment":[{"href":"https:\/\/hurtownia.komandor.pl\/podlaskie\/wp-json\/wp\/v2\/media?parent=6695"}],"curies":[{"name":"wp","href":"https:\/\/api.w.org\/{rel}","templated":true}]}}

<p><img loading="lazy" class="aligncenter wp-image-6788 size-large" src="https://hurtownia.komandor.pl/podlaskie/wp-content/uploads/2018/04/Fronty-akrylowe-1024x683.jpg" alt="Kuchnia z frontami akrylowymi" width="800" height="534" /></p>
<p>W ofercie Podlaskiej<strong> Hurtowni Komandor</strong> znajdą Państwo  obustronne fronty akrylowe produkowane na bazie płyty MDF o grubości 18 mm. Front pokryty jest akrylem wysokopołyskowym lub  matowym w tym samym kolorze.  Powierzchnia płyty zabezpieczona jest folią ochronną odporną na działanie promieni UV.</p>
<h3>Wykorzystywana technologia</h3>
<p>Fronty akrylowe oklejane są w technologii bezspoinowej z wykorzystaniem nowoczesnej <strong>technologii</strong>, która wraz z odpowiednio dobraną okleiną ABS pozwala osiągnąć efekt jednolitej powierzchni porównywalnej z lakierem. Dzięki tej technologii oklejony materiał zyskuje znacznie lepsze parametry użytkowe, na co wpływ ma m.in.:</p>
<p>&#8211; <strong>niewidoczna spoina</strong> klejowa miedzy obrzeżem a powierzchnią oklejonego materiału;</p>
<p>&#8211; <strong>wyższa odporność</strong> na działanie wody, pary wodnej i temperatury;</p>
<p>&#8211; <strong>wyższa wytrzymałość</strong> okleiny na strzępienie i inne uszkodzenia.</p>
<hr />
<p>Powierzchnie akrylowe są znane z unikalnego połysku/matu i głębi koloru. Powłoka akrylowa jest higroskopijna, oznacza to, że musi pozostawać wystawiona na wilgoć zawartą w powietrzu, aby uzyskać wymaganą twardość. Czas utwardzania wynosić może do tygodnia. Aby przyspieszyć proces zaleca się przemywać powierzchnię akrylową  wodą za pomocą miękkiej ściereczki z mikrofibry.</p>
<p>W celu zwiększenia odporności powierzchni akrylowej  na zadrapania i inne uszkodzenia polecamy mleczko Rauvisio Brilliant. Może ono dwukrotnie zwiększyć odporność frontu na zadrapania.</p>
<p><strong>NIGDY NIE UŻYWAĆ DO CZYSZCZENIA FRONTU DETERGENTÓW, WYBIELACZY ANI ALKOHOLI</strong></p>
<hr />
<h4>Wpływ na środowisko</h4>
<ul>
<li>Meblowe płyty pokryte powierzchnią akrylową nie zawierają metali ciężkich, stabilizatorów cynoorganicznych ani środków rakotwórczych. Podlegają recyclingowi, nie stanowią więc zagrożenia dla środowiska naturalnego.</li>
</ul>
<hr />
<h4>Jak czyścić i pielęgnować fronty akrylowe?</h4>
<ul>
<li>Z uwagi na zastosowanie akrylu i uzyskanie wysokiego połysku wraz z efektem głębi koloru, fronty akrylowe należy czyścić i pielęgnować w szczególny sposób. Do czyszczenia powierzchni frontów stosujemy wyłącznie miękkie ściereczki (np. bawełniane lub dostępne w sklepach ściereczki z mikrofazy).</li>
</ul>
<hr />
<h4>Instrukcja użytkowania</h4>
<ul>
<li>Fronty myjemy 1% roztworem wody z mydłem. Unikamy mleczek do czyszczenia typu Cif  ponieważ mogą zarysować powierzchnię.</li>
</ul>
<p>&nbsp;</p>
<hr />
<p>W celu zamówienia frontów akrylowych prosimy o kontakt z naszym działem handlowym &#8211; tel: 85 66 28 312, 85 66 28 305 lub 85 66 28 315, mail: mlukjaniuk@komandor.bialystok.pl</p>
<p>&nbsp;</p>
<p>&nbsp;</p>

<p><img loading="lazy" class="aligncenter wp-image-6788 size-large" src="https://hurtownia.komandor.pl/podlaskie/wp-content/uploads/2018/04/Fronty-akrylowe-1024x683.jpg" alt="Kuchnia z frontami akrylowymi" width="800" height="534" /></p>
<p>W ofercie Podlaskiej<strong> Hurtowni Komandor</strong> znajdą Państwo  obustronne fronty akrylowe produkowane na bazie płyty MDF o grubości 18 mm. Front pokryty jest akrylem wysokopołyskowym lub  matowym w tym samym kolorze.  Powierzchnia płyty zabezpieczona jest folią ochronną odporną na działanie promieni UV.</p>
<h3>Wykorzystywana technologia</h3>
<p>Fronty akrylowe oklejane są w technologii bezspoinowej z wykorzystaniem nowoczesnej <strong>technologii</strong>, która wraz z odpowiednio dobraną okleiną ABS pozwala osiągnąć efekt jednolitej powierzchni porównywalnej z lakierem.</p>
