
{"id":6694,"date":"2018-04-03T13:03:59","date_gmt":"2018-04-03T11:03:59","guid":{"rendered":"http:\/\/hurtownia.komandor.slask.pl\/?page_id=6694"},"modified":"2018-10-25T15:41:06","modified_gmt":"2018-10-25T13:41:06","slug":"fronty-ramiakowe","status":"publish","type":"page","link":"https:\/\/hurtownia.komandor.pl\/swietokrzyskie\/fronty-ramiakowe\/","title":{"rendered":"Fronty ramiakowe"},"content":{"rendered":"<p><img loading=\"lazy\" class=\"alignnone wp-image-6769 size-large\" src=\"https:\/\/hurtownia.komandor.pl\/swietokrzyskie\/wp-content\/uploads\/2018\/04\/Fronty-ramiakowe-1024x688.jpg\" alt=\"fronty ramiakowe KOMANDOR\" width=\"800\" height=\"538\" \/><\/p>\n<p>W ofercie <strong>\u015al\u0105skiej Hurtowni Komandor<\/strong> znajd\u0105 Pa\u0144stwo fronty ramiakowe naszej produkcji. Fronty ramiakowe robimy we wszystkich dekorach p\u0142yt laminowanych oraz akrylowych, kt\u00f3re mamy w grubo\u015bciach 10mm i 18mm.<\/p>\n<h3>Jak zam\u00f3wi\u0107 fronty ramiakowe?<\/h3>\n<hr \/>\n<p>W celu zam\u00f3wienia front\u00f3w ramiakowych prosimy o kontakt z dzia\u0142em handlowym &#8211; tel.: 32 730 19 25 lub 32 730 19 33, mail: dzialhandlowy@komandor.pl.<\/p>\n","protected":false},"excerpt":{"rendered":"<p><img loading=\"lazy\" class=\"alignnone wp-image-6769 size-large\" src=\"https:\/\/hurtownia.komandor.pl\/swietokrzyskie\/wp-content\/uploads\/2018\/04\/Fronty-ramiakowe-1024x688.jpg\" alt=\"fronty ramiakowe KOMANDOR\" width=\"800\" height=\"538\" \/><\/p>\n<p>W ofercie <strong>\u015al\u0105skiej Hurtowni Komandor<\/strong> znajd\u0105 Pa\u0144stwo fronty ramiakowe naszej produkcji. Fronty ramiakowe robimy we wszystkich dekorach p\u0142yt laminowanych oraz akrylowych, kt\u00f3re mamy w grubo\u015bciach 10mm i 18mm.<\/p>\n<h3>Jak zam\u00f3wi\u0107 fronty ramiakowe?<\/h3>\n<p>W celu zam\u00f3wienia front\u00f3w ramiakowych prosimy o kontakt z dzia\u0142em handlowym &#8211; tel.: 32 730 19 25 lub 32 730 19 33, mail: dzialhandlowy@komandor.pl.<\/p>\n","protected":false},"author":3,"featured_media":0,"parent":0,"menu_order":0,"comment_status":"closed","ping_status":"closed","template":"","meta":[],"_links":{"self":[{"href":"https:\/\/hurtownia.komandor.pl\/swietokrzyskie\/wp-json\/wp\/v2\/pages\/6694"}],"collection":[{"href":"https:\/\/hurtownia.komandor.pl\/swietokrzyskie\/wp-json\/wp\/v2\/pages"}],"about":[{"href":"https:\/\/hurtownia.komandor.pl\/swietokrzyskie\/wp-json\/wp\/v2\/types\/page"}],"author":[{"embeddable":true,"href":"https:\/\/hurtownia.komandor.pl\/swietokrzyskie\/wp-json\/wp\/v2\/users\/3"}],"replies":[{"embeddable":true,"href":"https:\/\/hurtownia.komandor.pl\/swietokrzyskie\/wp-json\/wp\/v2\/comments?post=6694"}],"version-history":[{"count":8,"href":"https:\/\/hurtownia.komandor.pl\/swietokrzyskie\/wp-json\/wp\/v2\/pages\/6694\/revisions"}],"predecessor-version":[{"id":7224,"href":"https:\/\/hurtownia.komandor.pl\/swietokrzyskie\/wp-json\/wp\/v2\/pages\/6694\/revisions\/7224"}],"wp:attachment":[{"href":"https:\/\/hurtownia.komandor.pl\/swietokrzyskie\/wp-json\/wp\/v2\/media?parent=6694"}],"curies":[{"name":"wp","href":"https:\/\/api.w.org\/{rel}","templated":true}]}}