
{"id":6695,"date":"2018-04-03T13:04:08","date_gmt":"2018-04-03T11:04:08","guid":{"rendered":"http:\/\/hurtownia.komandor.slask.pl\/?page_id=6695"},"modified":"2020-12-17T15:46:48","modified_gmt":"2020-12-17T14:46:48","slug":"fronty-akrylowe","status":"publish","type":"page","link":"https:\/\/hurtownia.komandor.pl\/warmia\/fronty-akrylowe\/","title":{"rendered":"Fronty akrylowe"},"content":{"rendered":"<p><img loading=\"lazy\" class=\"aligncenter wp-image-6788 size-large\" src=\"https:\/\/hurtownia.komandor.pl\/warmia\/wp-content\/uploads\/2018\/04\/Fronty-akrylowe-1024x683.jpg\" alt=\"Kuchnia z frontami akrylowymi\" width=\"800\" height=\"534\" \/><\/p>\n<p>W ofercie <strong>\u015al\u0105skiej Hurtowni Komandor<\/strong> znajd\u0105 Pa\u0144stwo fronty akrylowe produkowane na bazie p\u0142yty MDF o grubo\u015bci 18 mm. Front pokryty jest akrylem wysokopo\u0142yskowym lub super matowym, za\u015b strona wewn\u0119trzna akrylem matowym w tym samym kolorze. Dwustronne oklejenie p\u0142yty MDF pow\u0142ok\u0105 akrylu eliminuje efekt wykrzywiania si\u0119 p\u0142yt widoczny przy produkcji p\u0142yt oklejonych jednostronnie. Powierzchnia p\u0142yty zabezpieczona jest foli\u0105 ochronn\u0105 oraz jest odporna na dzia\u0142anie promieni UV.<\/p>\n<h3>Wykorzystywana technologia<\/h3>\n<p>Fronty akrylowe oklejane s\u0105 w technologii bezspoinowej z wykorzystaniem nowoczesnej <strong>technologii AirTec<\/strong>, kt\u00f3ra wraz z odpowiednio dobran\u0105 oklein\u0105 pozwala osi\u0105gn\u0105\u0107 efekt jednolitej powierzchni por\u00f3wnywalnej z lakierem. Dzi\u0119ki tej technologii oklejony materia\u0142 zyskuje znacznie lepsze parametry u\u017cytkowe, na co wp\u0142yw ma m.in.:<\/p>\n<p>&#8211; <strong>niewidoczna spoina<\/strong> klejowa miedzy obrze\u017cem a powierzchni\u0105 oklejonego materia\u0142u;<\/p>\n<p>&#8211; <strong>wy\u017csza odporno\u015b\u0107<\/strong> na dzia\u0142anie wody, pary wodnej i temperatury;<\/p>\n<p>&#8211; <strong>wy\u017csza wytrzyma\u0142o\u015b\u0107<\/strong> okleiny na strz\u0119pienie i odrywanie.<\/p>\n<hr \/>\n<p>Powierzchnie akrylowe s\u0105 znane z unikalnego po\u0142ysku\/matu i g\u0142\u0119bi koloru. Zaraz po usuni\u0119ciu folii protekcyjnej powierzchnia akrylu jest bardzo wra\u017cliwa na uszkodzenia. Powodami tego s\u0105 :<\/p>\n<ol>\n<li>pozosta\u0142o\u015bci z kleju folii protekcyjnej s\u0105 wci\u0105\u017c na powierzchni p\u0142yty, co czyni j\u0105 mi\u0119kk\u0105. Efekt ten ust\u0119puje z czasem.<\/li>\n<li>pow\u0142oka akrylowa jest higroskopijna, znaczy to, \u017ce musi pozostawa\u0107 wystawiona na wilgo\u0107 zawart\u0105 w powietrzu, aby uzyska\u0107 wymagan\u0105 twardo\u015b\u0107. Czas utwardzania wynosi\u0107 mo\u017ce do tygodnia. Aby przyspieszy\u0107 proces zaleca si\u0119 przemywa\u0107 powierzchni\u0119 akrylow\u0105 roztworem jednoprocentowym myd\u0142a z wod\u0105 za pomoc\u0105 mi\u0119kkiej \u015bciereczki z mikrofibry.<\/li>\n<\/ol>\n<p>W celu zwi\u0119kszenia odporno\u015bci powierzchni akrylowej po\u0142yskowej na zadrapania i inne uszkodzenia polecamy mleczko Rauvisio Brilliant. Mo\u017ce ono dwukrotnie zwi\u0119kszy\u0107 odporno\u015b\u0107 frontu na zadrapania.<\/p>\n<p><strong>NIGDY NIE U\u017bYWA\u0106 DO CZYSZCZENIA FRONTU DETERGENT\u00d3W, WYBIELACZY ANI ALKOHOLI<\/strong><\/p>\n<hr \/>\n<h4>Wp\u0142yw na \u015brodowisko<\/h4>\n<ul>\n<li>Meblowe p\u0142yty pokryte powierzchni\u0105 akrylow\u0105 nie zawieraj\u0105 metali ci\u0119\u017ckich, stabilizator\u00f3w cynoorganicznych ani \u015brodk\u00f3w rakotw\u00f3rczych. Podlegaj\u0105 recyclingowi, nie stanowi\u0105 wi\u0119c zagro\u017cenia dla \u015brodowiska naturalnego.<\/li>\n<\/ul>\n<hr \/>\n<h4>Jak czy\u015bci\u0107 i piel\u0119gnowa\u0107 fronty akrylowe?<\/h4>\n<ul>\n<li>Z uwagi na zastosowanie akrylu i uzyskanie wysokiego po\u0142ysku wraz z efektem g\u0142\u0119bi koloru fronty akrylowe nale\u017cy czy\u015bci\u0107 i piel\u0119gnowa\u0107 w szczeg\u00f3lny spos\u00f3b. Do czyszczenia powierzchni front\u00f3w stosujemy wy\u0142\u0105cznie mi\u0119kkie \u015bciereczki (np. bawe\u0142niane lub dost\u0119pne w sklepach \u015bciereczki z mikrofazy).<\/li>\n<\/ul>\n<hr \/>\n<h4>Instrukcja u\u017cytkowania<\/h4>\n<ul>\n<li>Fronty myjemy 1% roztworem wody z myd\u0142em. Unikamy mleczek do czyszczenia typu Cif \u2013 mog\u0105 zarysowa\u0107 powierzchni\u0119.<\/li>\n<\/ul>\n<p><strong>Fronty pokryte s\u0105 foli\u0105 ochronn\u0105. Nale\u017cy j\u0105 usun\u0105\u0107 dopiero po zamontowaniu frontu. Zalecane jest aby przynajmniej przez 7 dni po \u015bci\u0105gni\u0119ciu folii nie czy\u015bci\u0107 (przeciera\u0107) front\u00f3w.<\/strong><\/p>\n<hr \/>\n<p>W celu zam\u00f3wienia front\u00f3w akrylowych prosimy o kontakt z naszym dzia\u0142em handlowym &#8211; tel: 32 730 19 25 lub 32 730 19 33, mail: dzialhandlowy@komandor.pl.<\/p>\n<p>&nbsp;<\/p>\n<p>&nbsp;<\/p>\n","protected":false},"excerpt":{"rendered":"<p><img loading=\"lazy\" class=\"aligncenter wp-image-6788 size-large\" src=\"https:\/\/hurtownia.komandor.pl\/warmia\/wp-content\/uploads\/2018\/04\/Fronty-akrylowe-1024x683.jpg\" alt=\"Kuchnia z frontami akrylowymi\" width=\"800\" height=\"534\" \/><\/p>\n<p>W ofercie <strong>\u015al\u0105skiej Hurtowni Komandor<\/strong> znajd\u0105 Pa\u0144stwo fronty akrylowe produkowane na bazie p\u0142yty MDF o grubo\u015bci 18 mm. Front pokryty jest akrylem wysokopo\u0142yskowym lub super matowym, za\u015b strona wewn\u0119trzna akrylem matowym w tym samym kolorze. Dwustronne oklejenie p\u0142yty MDF pow\u0142ok\u0105 akrylu eliminuje efekt wykrzywiania si\u0119 p\u0142yt widoczny przy produkcji p\u0142yt oklejonych jednostronnie. Powierzchnia p\u0142yty zabezpieczona jest foli\u0105 ochronn\u0105 oraz jest odporna na dzia\u0142anie promieni UV.<\/p>\n<h3>Wykorzystywana technologia<\/h3>\n<p>Fronty akrylowe oklejane s\u0105 w technologii bezspoinowej z wykorzystaniem nowoczesnej <strong>technologii AirTec<\/strong>,<\/p>\n","protected":false},"author":3,"featured_media":0,"parent":0,"menu_order":0,"comment_status":"closed","ping_status":"closed","template":"","meta":[],"_links":{"self":[{"href":"https:\/\/hurtownia.komandor.pl\/warmia\/wp-json\/wp\/v2\/pages\/6695"}],"collection":[{"href":"https:\/\/hurtownia.komandor.pl\/warmia\/wp-json\/wp\/v2\/pages"}],"about":[{"href":"https:\/\/hurtownia.komandor.pl\/warmia\/wp-json\/wp\/v2\/types\/page"}],"author":[{"embeddable":true,"href":"https:\/\/hurtownia.komandor.pl\/warmia\/wp-json\/wp\/v2\/users\/3"}],"replies":[{"embeddable":true,"href":"https:\/\/hurtownia.komandor.pl\/warmia\/wp-json\/wp\/v2\/comments?post=6695"}],"version-history":[{"count":14,"href":"https:\/\/hurtownia.komandor.pl\/warmia\/wp-json\/wp\/v2\/pages\/6695\/revisions"}],"predecessor-version":[{"id":7242,"href":"https:\/\/hurtownia.komandor.pl\/warmia\/wp-json\/wp\/v2\/pages\/6695\/revisions\/7242"}],"wp:attachment":[{"href":"https:\/\/hurtownia.komandor.pl\/warmia\/wp-json\/wp\/v2\/media?parent=6695"}],"curies":[{"name":"wp","href":"https:\/\/api.w.org\/{rel}","templated":true}]}}