
{"id":8003,"date":"2019-10-09T17:13:44","date_gmt":"2019-10-09T15:13:44","guid":{"rendered":"https:\/\/hurtownia.komandor.pl\/warmia\/?page_id=8003"},"modified":"2021-04-23T17:00:31","modified_gmt":"2021-04-23T15:00:31","slug":"uslugi-szklarskie-olsztyn","status":"publish","type":"page","link":"https:\/\/hurtownia.komandor.pl\/warmia\/uslugi-szklarskie-olsztyn\/","title":{"rendered":"Us\u0142ugi szklarskie Olsztyn"},"content":{"rendered":"<p>Hurtownia Komandor w Olsztynie \u015bwiadczy <strong>szeroki zakres us\u0142ug szklarskich<\/strong> dla klient\u00f3w hurtowych oraz detalicznych. Oferujemy kompleksow\u0105 obs\u0142ug\u0119 realizacji projekt\u00f3w oraz doradztwa projektowego, wraz z doborem materia\u0142\u00f3w. Bogate do\u015bwiadczenie i portfolio sta\u0142ych klient\u00f3w to najlepsza wizyt\u00f3wka naszej pracy zar\u00f3wno na terenie miasta Olsztyn jak i ca\u0142ego regionu.<\/p>\n<p>Przy realizacji <strong>us\u0142ug szklarskich<\/strong> korzystamy z urz\u0105dze\u0144\u00a0 przeznaczonych do obr\u00f3bki szk\u0142a (szlifierka, wiertarka do otwor\u00f3w i inne w zale\u017cno\u015bci od wymog\u00f3w projektu)<\/p>\n<div class=\"row\">\n<div class=\"col-md-6\"><img loading=\"lazy\" width=\"1024\" height=\"683\" class=\"alignnone wp-image-8008 size-large\" style=\"margin-bottom: 20px;\" src=\"https:\/\/hurtownia.komandor.pl\/warmia\/wp-content\/uploads\/2019\/10\/uslugi_szklarskie_katowice-1-1024x683.jpg\" alt=\"Us\u0142ugi szklarskie Katowice\" \/><\/div>\n<div class=\"col-md-6\"><img loading=\"lazy\" width=\"1024\" height=\"682\" class=\"alignnone wp-image-8009 size-large\" style=\"margin-bottom: 20px;\" src=\"https:\/\/hurtownia.komandor.pl\/warmia\/wp-content\/uploads\/2019\/10\/us\u0142ugi-szklarskie-katowice-1024x682.jpg\" alt=\"Us\u0142ugi szklarskie Katowice\" \/><\/div>\n<\/div>\n<p><strong>Zakres realizowanych us\u0142ug:<br \/>\n<\/strong>&#8211; ci\u0119cie szk\u0142a do transportu<br \/>\n&#8211; docinanie szk\u0142a na wymiar<br \/>\n&#8211; szlifowanie kraw\u0119dzi<br \/>\n&#8211; wycinanie otwor\u00f3w<br \/>\n&#8211; ci\u0119cie skosu na szkle<br \/>\n&#8211; podklejenie szk\u0142a foli\u0105<br \/>\n&#8211; <a href=\"https:\/\/hurtownia.komandor.pl\/warmia\/obrobka-szkla\/\">obr\u00f3bka szk\u0142a<\/a><\/p>\n<p>&nbsp;<\/p>\n<p><strong>Dost\u0119pne materia\u0142y :<br \/>\n<\/strong>&#8211; colorimo (szk\u0142\u0105 lakierowane z po\u0142yskiem)<br \/>\n&#8211; colorimo sati (szk\u0142a lakierowane matowe)<br \/>\n&#8211; lustro (srebrne, grafitowe, br\u0105zowe)<br \/>\n&#8211; colorimo na ornamencie (szk\u0142a ornamentowe)<br \/>\n&#8211; szyby bezpieczne<\/p>\n<p>&nbsp;<\/p>\n<p><strong>Terminy realizacji:<br \/>\n<\/strong>&#8211; szk\u0142o ci\u0119te na wymiar bez szlifu i otwor\u00f3w \u2013 3 lub 4 dni robocze ( zam\u00f3wienie z\u0142o\u017cone do godz. 12.00 -3 dni robocze, po godz. 12.00 \u2013 4 dni robocze)<br \/>\n&#8211; szk\u0142o ci\u0119te na wymiar ze szlifem i\/lub otworami\u00a0 &#8211; 4 lub 5 dni roboczych ( zam\u00f3wienie z\u0142o\u017cone do godz. 12.00 \u2013 4 dni robocze,\u00a0 po godz. 12.00 \u2013 5 dni roboczych )<\/p>\n<p>&nbsp;<\/p>\n<p>Wszystkich zainteresowanych szerok\u0105 gam\u0105 us\u0142ug dodatkowych, w tym realizacji projekt\u00f3w z wykorzystaniem szk\u0142a i luster zapraszamy do kontaktu &#8211; <a href=\"https:\/\/hurtownia.komandor.pl\/warmia\/kontakt-2\/\">KONTAKT<\/a><\/p>\n","protected":false},"excerpt":{"rendered":"<p>Hurtownia Komandor w Olsztynie \u015bwiadczy <strong>szeroki zakres us\u0142ug szklarskich<\/strong> dla klient\u00f3w hurtowych oraz detalicznych. Oferujemy kompleksow\u0105 obs\u0142ug\u0119 realizacji projekt\u00f3w oraz doradztwa projektowego, wraz z doborem materia\u0142\u00f3w. Bogate do\u015bwiadczenie i portfolio sta\u0142ych klient\u00f3w to najlepsza wizyt\u00f3wka naszej pracy zar\u00f3wno na terenie miasta Olsztyn jak i ca\u0142ego regionu.<\/p>\n<p>Przy realizacji <strong>us\u0142ug szklarskich<\/strong> korzystamy z urz\u0105dze\u0144\u00a0 przeznaczonych do obr\u00f3bki szk\u0142a (szlifierka, wiertarka do otwor\u00f3w i inne w zale\u017cno\u015bci od wymog\u00f3w projektu)<\/p>\n<p><img loading=\"lazy\" width=\"1024\" height=\"683\" class=\"alignnone wp-image-8008 size-large\" style=\"margin-bottom: 20px;\" src=\"https:\/\/hurtownia.komandor.pl\/warmia\/wp-content\/uploads\/2019\/10\/uslugi_szklarskie_katowice-1-1024x683.jpg\" alt=\"Us\u0142ugi szklarskie Katowice\" \/><br \/>\n<img loading=\"lazy\" width=\"1024\" height=\"682\" class=\"alignnone wp-image-8009 size-large\" style=\"margin-bottom: 20px;\" src=\"https:\/\/hurtownia.komandor.pl\/warmia\/wp-content\/uploads\/2019\/10\/us\u0142ugi-szklarskie-katowice-1024x682.jpg\" alt=\"Us\u0142ugi szklarskie Katowice\" \/><\/p>\n<p><strong>Zakres realizowanych us\u0142ug:<br \/>\n<\/strong>&#8211;<\/p>\n","protected":false},"author":1,"featured_media":8009,"parent":0,"menu_order":0,"comment_status":"closed","ping_status":"closed","template":"","meta":[],"_links":{"self":[{"href":"https:\/\/hurtownia.komandor.pl\/warmia\/wp-json\/wp\/v2\/pages\/8003"}],"collection":[{"href":"https:\/\/hurtownia.komandor.pl\/warmia\/wp-json\/wp\/v2\/pages"}],"about":[{"href":"https:\/\/hurtownia.komandor.pl\/warmia\/wp-json\/wp\/v2\/types\/page"}],"author":[{"embeddable":true,"href":"https:\/\/hurtownia.komandor.pl\/warmia\/wp-json\/wp\/v2\/users\/1"}],"replies":[{"embeddable":true,"href":"https:\/\/hurtownia.komandor.pl\/warmia\/wp-json\/wp\/v2\/comments?post=8003"}],"version-history":[{"count":13,"href":"https:\/\/hurtownia.komandor.pl\/warmia\/wp-json\/wp\/v2\/pages\/8003\/revisions"}],"predecessor-version":[{"id":11394,"href":"https:\/\/hurtownia.komandor.pl\/warmia\/wp-json\/wp\/v2\/pages\/8003\/revisions\/11394"}],"wp:featuredmedia":[{"embeddable":true,"href":"https:\/\/hurtownia.komandor.pl\/warmia\/wp-json\/wp\/v2\/media\/8009"}],"wp:attachment":[{"href":"https:\/\/hurtownia.komandor.pl\/warmia\/wp-json\/wp\/v2\/media?parent=8003"}],"curies":[{"name":"wp","href":"https:\/\/api.w.org\/{rel}","templated":true}]}}